66. Determine n(458).
6
Let d(f) = -f**3 + 243*f**2 - 277*f + 8439. Determine d(242).
-31
Let w(v) = -3701926*v + 14807688. What is w(4)?
-16
Let c(x) = x**2 + 27011*x - 108050. What is c(4)?
10
Let z(o) = 7*o**3 + 1024*o**2 + 285*o - 1020. Determine z(-146).
2
Let h(d) = d**3 - 28*d**2 - 132*d - 9. What is h(30)?
-2169
Let y(t) = 6521*t + 9951045. Give y(-1526).
-1
Let h(t) = -t**3 + 18*t**2 + 34*t + 109. Give h(18).
721
Let m(h) = 17*h**3 - 30*h**2 + 23*h - 30. What is m(3)?
228
Let t(r) = 10252*r - 164036. Calculate t(16).
-4
Let g(p) = 2*p**3 - 282*p**2 + 265*p - 79. Give g(140).
-2179
Let m(l) = -2*l**3 - 37*l**2 + 283*l - 16. Determine m(6).
-82
Let f(i) = -9606*i - 150. Calculate f(0).
-150
Let y(j) = 19*j**2 + 1983*j - 21844. Determine y(11).
2268
Let n(u) = -17*u**3 - 162*u**2 - 73*u + 34. Calculate n(-9).
-38
Let d(h) = 3*h**3 - 28*h**2 - 146*h + 846. What is d(6)?
-390
Let n(j) = 8*j**3 + 1214*j**2 - 306*j - 307. Calculate n(-152).
-3
Let m(x) = -4*x**3 - 224*x**2 - 787*x - 31151. Give m(-55).
34
Let f(p) = 65*p**2 - 732*p + 122. Determine f(11).
-65
Let i(j) = 5*j**2 - 106*j - 1850. Determine i(33).
97
Let i(m) = 2*m**2 - 37*m - 4760. Determine i(72).
2944
Let v(f) = -f**3 - 1352*f**2 - 17389*f + 153. Determine v(-13).
-81
Let v(y) = -y**2 + 155*y - 5396. Give v(58).
230
Let c(s) = -3852*s - 215786. Determine c(-56).
-74
Let a(f) = f**3 + 152*f**2 + 2759*f + 1039. Give a(-131).
-9
Let g(k) = -9*k**2 - 955*k - 21366. Give g(-74).
20
Let o(r) = -6*r**3 + 244*r**2 - 348*r - 1654. Calculate o(39).
-16
Let u(s) = 205*s**3 + 4103*s**2 + 81*s + 438. Calculate u(-20).
18
Let g(x) = -x**3 + 84*x**2 - 487*x + 1574. Determine g(78).
92
Let f(u) = -51393*u - 205657. Determine f(-4).
-85
Let v(y) = -74*y**3 + 75*y**2 + 3*y + 2. What is v(2)?
-284
Let i(v) = 4*v**3 + 3*v**2 - 1385*v - 8319. Calculate i(-6).
-765
Let u(h) = -145*h**3 - 19*h + 13. Give u(1).
-151
Let w(d) = -10*d**2 - 5007*d - 606809. Give w(-295).
6
Let h(d) = d**3 - 11*d**2 - 17*d - 295. What is h(23)?
5662
Let i(h) = -h**3 - 731*h**2 + 5139*h - 19906. Calculate i(-738).
20
Let z(q) = 9*q**2 - 3539*q - 46699. Calculate z(406).
-9
Let n(b) = 752*b**2 - 18866*b + 1678. What is n(25)?
28
Let c(d) = -216829*d - 1734620. Give c(-8).
12
Let d(u) = -17*u - 2390. What is d(-136)?
-78
Let o(y) = 12*y**3 - 104*y**2 - 396*y + 3243. Give o(9).
3
Let f(h) = -h**3 - 138*h**2 + 10180*h - 3097. What is f(53)?
-76
Let s(z) = 34374*z + 549994. Determine s(-16).
10
Let p(d) = -64*d**3 + 35*d**2 - 89*d - 37. Give p(3).
-1717
Let w(j) = -73*j**2 - 148*j - 687. Determine w(-5).
-1772
Let v(x) = -866*x**2 + 16*x + 18. Determine v(-1).
-864
Let y(o) = 2278832*o - 18230653. Give y(8).
3
Let g(f) = 100*f**3 + 2*f**2 - 22*f + 76. Give g(3).
2728
Let b(u) = 189*u**2 - 21881*u - 4988. Calculate b(116).
0
Let z(q) = -2*q**3 - 119*q**2 + 342*q + 9682. Give z(-61).
-17
Let a(u) = -644*u - 127039. Give a(-197).
-171
Let w(u) = u**3 - 341*u**2 - 1675*u - 19042. What is w(346)?
-12
Let w(o) = 13*o**3 + 274*o**2 + 51*o + 779. Calculate w(-21).
149
Let y(t) = 65*t**2 + 3192*t - 33. Determine y(-49).
-376
Let v(u) = -18397*u - 91966. Calculate v(-5).
19
Let k(c) = 734*c - 27155. Give k(37).
3
Let b(n) = 1924*n**2 + 7726*n + 11. Give b(-4).
-109
Let m(k) = -316*k + 15771. Determine m(50).
-29
Let v(j) = j**3 + 23*j**2 + 12988*j + 258681. Calculate v(-20).
121
Let f(s) = 24*s**2 + 257*s + 678. Determine f(-5).
-7
Let h(w) = -334*w**2 + 5*w - 4. Determine h(1).
-333
Let l(x) = x**3 - 43*x**2 + 117*x + 63. Give l(41).
1498
Let l(b) = 272*b - 8173. Determine l(28).
-557
Let x(j) = j**2 - 180*j - 179. Give x(-1).
2
Let l(v) = -2*v**2 + 194*v + 1185. Determine l(-5).
165
Let m(c) = -2*c**2 + 583*c - 42263. Calculate m(135).
-8
Let x(g) = -g**2 + 33*g - 72. What is x(24)?
144
Let b(d) = -6*d**3 - 153*d**2 + 168*d + 2334. Calculate b(-26).
-6
Let v(o) = -o**3 - 53*o**2 + 37906*o + 658. Calculate v(170).
-22
Let i(h) = -851*h**2 - 51*h - 112. What is i(-2)?
-3414
Let m(f) = -26298*f + 36974991. Calculate m(1406).
3
Let d(z) = z**3 - 32*z**2 + 195*z + 937. Give d(20).
37
Let p(k) = 12730*k - 63647. Determine p(5).
3
Let k(f) = 1110*f**2 - 5539*f - 52. Calculate k(5).
3
Let t(j) = -13*j**3 - 507*j**2 + 441*j + 17208. Calculate t(-39).
9
Let v(w) = -3810*w - 68600. Determine v(-18).
-20
Let f(y) = -133*y**2 + 5765*y - 1951. Calculate f(43).
27
Let l(w) = 55*w**3 - 10*w**2 + 8*w + 1. What is l(1)?
54
Let r(p) = -6587*p - 237120. What is r(-36)?
12
Let b(h) = -h**3 + 39*h**2 + 39*h + 67. Determine b(40).
27
Let w(l) = 5*l**2 - 90*l - 1175. What is w(-12)?
625
Let j(r) = -r**2 + 416*r + 13865. What is j(447)?
8
Let z(r) = 193912*r - 3490417. Determine z(18).
-1
Let j(m) = 362*m**2 + 36*m - 8. What is j(1)?
390
Let z(c) = 218*c + 8214. What is z(-31)?
1456
Let w(m) = -7410*m + 1052214. What is w(142)?
-6
Let c(h) = -2*h**2 - 99*h + 748. What is c(-59)?
-373
Let z(w) = 3*w**2 + 51*w - 1293. Give z(-31).
9
Let s(p) = -207319*p - 1243932. Give s(-6).
-18
Let t(u) = u**2 - 1868*u + 113716. What is t(63)?
1
Let v(q) = 95*q**2 + 585*q - 74013. Determine v(25).
-13
Let o(q) = q**3 + 1209*q**2 + 316792*q - 6589. Give o(-825).
11
Let h(l) = l**3 - 132*l**2 - 980*l + 866. What is h(139)?
-107
Let t(q) = q**2 + 365*q - 1108. Determine t(3).
-4
Let p(m) = 19771*m - 5041597. Determine p(255).
8
Let u(f) = 27*f**2 + 56*f - 43. Give u(6).
1265
Let f(p) = 2*p**3 + 18*p**2 + 2838*p + 25547. What is f(-9)?
5
Let c(k) = k**2 + 2071*k + 51159. Calculate c(-25).
9
Let r(q) = q**3 - 5*q**2 - 107*q + 111. Calculate r(12).
-165
Let x(t) = -5*t**3 - 1247*t**2 - 1754*t - 4381. Calculate x(-248).
83
Let y(h) = -830*h**2 - 4192*h - 11. Calculate y(-5).
199
Let h(t) = 78499*t - 392504. Give h(5).
-9
Let w(z) = 298730*z**2 - 1194918*z + 7. Calculate w(4).
15
Let f(t) = 17692*t - 672296. What is f(38)?
0
Let c(t) = -4*t**3 - 40*t**2 - 276*t - 20. Determine c(-8).
1676
Let c(r) = 18395*r + 9436630. What is c(-513)?
-5
Let r(y) = -y**3 - 13*y**2 - 6*y + 365. Calculate r(-8).
93
Let g(v) = -v - 96. Calculate g(-42).
-54
Let i(p) = p**3 + 55*p**2 - 5543*p + 56. Calculate i(-107).
-2191
Let d(q) = q**2 + 175*q + 4921. Calculate d(-33).
235
Let b(m) = 2*m**3 + 105*m**2 - 170*m - 1110. Determine b(-54).
-678
Let i(f) = -5*f**2 - 6725*f + 40554. Give i(6).
24
Let o(b) = -885502*b - 15053539. Calculate o(-17).
-5
Let z(c) = -178*c + 20468. Calculate z(115).
-2
Let w(p) = -12*p**2 + 144*p + 905. Determine w(21).
-1363
Let o(b) = -1240*b + 194682. Give o(157).
2
Let l(o) = -3*o**3 + 151*o**2 - 54*o + 60. Calculate l(50).
-140
Let k(a) = -22042*a + 1895619. What is k(86)?
7
Let u(r) = -6495*r - 441655. Calculate u(-68).
5
Let z(r) = 2*r**3 - r**2 - 4*r + 66. Give z(-5).
-189
Let t(y) = y**3 - 47*y**2 - 2206*y + 66. What is t(76)?
-86
Let j(o) = 4*o**2 + 67*o - 263. What is j(5)?
172
Let b(x) = -192*x + 755. Calculate b(6).
-397
Let i(y) = -28499*y - 3334378. Determine i(-117).
5
Let p(t) = 462*t + 8927. Calculate p(-12).
3383
Let q(p) = -5*p**3 - p**2 - 357*p - 2658. What is q(-7)?
1507
Let p(t) = 1197*t - 26444. What is p(22)?
-110
Let z(t) = t**3 - 184*t**2 + 366*t - 539. Give z(182).
-175
Let s(l) = 4*l**3 - 417*l**2 + 3368*l - 54. Calculate s(8).
2250
Let m(n) = -n**3 + 691*n**2 - 938*n - 886. What is m(2)?
-6
Let a(j) = j**2 + 244*j - 342. What is a(0)?
-342
Let y(l) = 12549*l - 175657. Give y(14).
29
Let l(o) = -o**2 - 6960*o + 62582. Determine l(9).
-139
Let x(y) = -117944*y + 117939. Calculate x(1).
-5
Let x(a) = a**2 - 116802*a + 1751694. Determine x(15).
-111
Let j(t) = 19*t**2 + 573*t + 1124. What is j(-28)?
-24
Let g(r) = -8*r**3 - 210*r**2 - 48*r + 93. Give g(-26).
-11
Let w(b) = -100*b**2 - 1244*b + 2224. Determine w(-14).
40
Let o(a) = -222*a**2 - 4680*a - 269. Calculate o(-21).
109
Let d(k) = -41348*k - 248095. Give d(-6).
-7
Let h(j) = 4255*j - 45180. What is h(11)?
1625
Let b(y) = 78548*y - 24664084. What is b(314)?
-12
Let z(f) = 23*f**3 + f**2 - 190*f + 538. Calculate z(3).
598
Let o(p) = -6*p**2 - 302*p + 18068. Give o(-85).
388
Let t(a) = 3743*a - 321866. Determine t(86).
32
Let c(l) = -6485*l - 2581031. Give c(-398).
-1
Let q(d) = 32698*d - 26975855. Calculate q(825).
-5
Let x(q) = -6*q**2 - 12240*q - 109672. Calculate x(-9).
2
Let a(q) = 4*q**3 +